s digit of 8331968?
6
What is the hundred thousands digit of 216184?
2
What is the tens digit of 11245853?
5
What is the ten thousands digit of 9557994?
5
What is the millions digit of 1200911?
1
What is the units digit of 3455558?
8
What is the ten thousands digit of 1399579?
9
What is the tens digit of 9947435?
3
What is the hundreds digit of 85329?
3
What is the ten thousands digit of 1770381?
7
What is the hundreds digit of 28784?
7
What is the units digit of 133335?
5
What is the units digit of 9814198?
8
What is the ten thousands digit of 2441780?
4
What is the ten thousands digit of 66005?
6
What is the millions digit of 3384221?
3
What is the hundreds digit of 10457308?
3
What is the ten thousands digit of 15113922?
1
What is the thousands digit of 1018263?
8
What is the tens digit of 683945?
4
What is the thousands digit of 22624655?
4
What is the ten thousands digit of 967571?
6
What is the units digit of 200556?
6
What is the hundreds digit of 6354716?
7
What is the thousands digit of 1203801?
3
What is the thousands digit of 36686868?
6
What is the ten thousands digit of 3609779?
0
What is the hundreds digit of 35486?
4
What is the millions digit of 1374785?
1
What is the millions digit of 8099117?
8
What is the units digit of 114949?
9
What is the hundred thousands digit of 649041?
6
What is the units digit of 800313?
3
What is the thousands digit of 3021218?
1
What is the thousands digit of 479983?
9
What is the tens digit of 5124500?
0
What is the tens digit of 924578?
7
What is the hundred thousands digit of 1492226?
4
What is the ten thousands digit of 9668942?
6
What is the ten thousands digit of 5082669?
8
What is the hundreds digit of 333251?
2
What is the tens digit of 515315?
1
What is the units digit of 9005078?
8
What is the hundred thousands digit of 16184170?
1
What is the hundred thousands digit of 147801?
1
What is the tens digit of 690526?
2
What is the units digit of 220429?
9
What is the thousands digit of 19612553?
2
What is the units digit of 6414887?
7
What is the tens digit of 140593?
9
What is the ten thousands digit of 850893?
5
What is the units digit of 1255264?
4
What is the hundreds digit of 5116872?
8
What is the tens digit of 11306632?
3
What is the ten thousands digit of 537559?
3
What is the hundred thousands digit of 27330660?
3
What is the ten thousands digit of 832617?
3
What is the units digit of 1780204?
4
What is the hundred thousands digit of 7181896?
1
What is the tens digit of 1104506?
0
What is the units digit of 535371?
1
What is the millions digit of 1110956?
1
What is the millions digit of 24798972?
4
What is the millions digit of 20299250?
0
What is the hundred thousands digit of 204683?
2
What is the hundreds digit of 34298?
2
What is the ten thousands digit of 138686?
3
What is the hundred thousands digit of 529548?
5
What is the ten thousands digit of 736511?
3
What is the units digit of 73580?
0
What is the tens digit of 1813110?
1
What is the ten thousands digit of 451551?
5
What is the hundreds digit of 11431075?
0
What is the hundreds digit of 7592905?
9
What is the tens digit of 1532615?
1
What is the units digit of 5755869?
9
What is the hundreds digit of 107643?
6
What is the ten thousands digit of 433858?
3
What is the hundred thousands digit of 1769424?
7
What is the hundreds digit of 1571236?
2
What is the hundred thousands digit of 5925248?
9
What is the hundreds digit of 1313628?
6
What is the tens digit of 829720?
2
What is the tens digit of 1559521?
2
What is the ten thousands digit of 2784862?
8
What is the ten millions digit of 18906938?
1
What is the tens digit of 2527842?
4
What is the ten thousands digit of 51692?
5
What is the tens digit of 224980?
8
What is the tens digit of 2222257?
5
What is the thousands digit of 342024?
2
What is the hundreds digit of 15603404?
4
What is the tens digit of 343397?
9
What is the hundred thousands digit of 1665660?
6
What is the ten millions digit of 15211238?
1
What is the tens digit of 1849784?
8
What is the hundreds digit of 2274346?
3
What is the hundred thousands digit of 15847099?
8
What is the hundreds digit of 859347?
3
What is the hundred thousands digit of 3843695?
8
What is the tens digit of 352258?
5
What is the thousands digit of 2737453?
7
What is the hundreds digit of 10006472?
4
What is the hundred thousands digit of 7789667?
7
What is the tens digit of 4334402?
0
What is the millions digit of 1035624?
1
What is the units digit of 93165?
5
What is the thousands digit of 6249752?
9
What is the hundreds digit of 1889073?
0
What is the ten thousands digit of 455917?
5
What is the units digit of 215451?
1
What is the thousands digit of 1082018?
2
What is the units digit of 14695102?
2
What is the thousands digit of 9265?
9
What is the units digit of 4637374?
4
What is the millions digit of 8662079?
8
What is the units digit of 3925975?
5
What is the units digit of 390322?
2
What is the ten thousands digit of 130253?
3
What is the hundreds digit of 308142?
1
What is the tens digit of 1329661?
6
What is the tens digit of 338712?
1
What is the tens digit of 23846640?
4
What is the hundred thousands digit of 2076829?
0
What is the hundreds digit of 3820793?
7
What is the thousands digit of 6605958?
5
What is the thousands digit of 23764?
3
What is the units digit of 1179687?
7
What is the hundreds digit of 158051?
0
What is the ten thousands digit of 251986?
5
What is the tens digit of 14845?
4
What is the millions digit of 18876530?
8
What is the units digit of 10067020?
0
What is the units digit of 7486662?
2
What is the hundreds digit of 15412863?
8
What is the hundreds digit of 370971?
9
What is the thousands digit of 1000653?
0
What is the millions digit of 35034764?
5
What is the ten thousands digit of 2593651?
9
What is the thousands digit of 257253?
7
What is the thousands digit of 540073?
0
What is the thousands digit of 391054?
1
What is the hundred thousands digit of 3566983?
5
What is the thousands digit of 14875?
4
What is the thousands digit of 943417?
3
What is the hundreds digit of 3943896?
8
What is the units digit of 6293?
3
What is the hundred thousands digit of 5114437?
1
What is the hundreds digit of 10675?
6
What is the hundreds digit of 10622491?
4
What is the ten thousands digit of 9153010?
5
What is the ten thousands digit of 8407659?
0
What is the units digit of 861812?
2
What is the hundred thousands digit of 232378?
2
What is the tens digit of 4788763?
6
What is the hundreds digit of 366934?
9
What is the millions digit of 2569407?
2
What is the tens digit of 5757585?
8
What is the ten thousands digit of 14876?
1
What is the tens digit of 1167926?
2
What is the hundreds digit of 89596?
5
What is the tens digit of 1708679?
7
What is the units digit of 302897?
7
What is the ten thousands digit of 752044?
5
What is the hundreds digit of 255797?
7
What is the hundred thousands digit of 543965?
5
What is the ten thousands digit of 2879211?
7
What is the thousands digit of 244804?
4
What is the hundreds digit of 3188202?
2
What is the thousands digit of 7691231?
1
What is the units digit of 1047571?
1
What is the hundred thousands digit of 182473?
1
What is the thousands digit of 323832?
3
What is the tens digit of 1315723?
2
What is the tens digit of 1145729?
2
What is the hundred thousands digit of 7956556?
9
What is the tens digit of 387233?
3
What is the hundreds digit of 534992?
9
What is the units digit of 49573?
3
What is the hundreds digit of 2849290?
2
What is the tens digit of 2340348?
4
What is the units digit of 7016964?
4
What is the millions digit of 3434383?
3
What is the hundreds digit of 5218632?
6
What is the hundred thousands digit of 8804406?
8
What is the millions digit of 1652611?
1
What is the units digit of 2502551?
1
What is the units digit of 47345?
5
What is the tens digit of 45547?
4
What is the tens digit of 18304834?
3
What is the ten millions digit of 14271240?
1
What is the units digit of 6593445?
5
What is the hundred thousands digit of 629031?
6
What is the ten thousands digit of 13334250?
3
What is the ten thousands digit of 24571?
2
What is the ten millions digit of 10187611?
1
What is the hundreds digit of 2481645?
6
What is the units digit of 9540?
0
What 